 Is q prime?
False
Suppose 53*f - 189 = 44*f. Suppose -f*y = -3*y - 17406. Is y composite?
False
Suppose 0 = 51*z - 19920058 - 3961151. Is z a prime number?
False
Suppose 2*z + 506*q = 503*q + 66431, 33208 = z + 3*q. Is z prime?
True
Suppose 36*j - 10705770 = 4566654. Is j a composite number?
True
Let o(b) = -b**3 - 7*b**2 - 6*b + 13. Let n be o(-6). Let y(l) = -n + 6 + 5 - 9*l - 2. Is y(-3) a composite number?
False
Let k(d) = 42013*d + 712. Is k(3) composite?
False
Let c be (-12)/2*1 - 30/(-3). Suppose c*s = 16, 8*r - 18376 = 6*r - 3*s. Is r a prime number?
False
Suppose -160*i = -159*i - 42191. Is i a composite number?
True
Suppose 3*z - 7513 = 19661. Let n = z + -5801. Let u = -1714 + n. Is u prime?
True
Let l(v) = 3*v**2 + 48*v - 877. Is l(61) a composite number?
True
Let d(h) = 3*h + 46. Let i be d(-14). Let q = 8 - i. Suppose 5*p = -q*p + 1413. Is p a prime number?
True
Let r(u) = 6*u + 5. Let l be r(0). Suppose 0 = -w - w + 5*z + 24, -4*w = -l*z - 28. Suppose w*p + 0*p - 324 = -4*x, x = 5*p + 59. Is x composite?
False
Let t(d) = 43*d**2 - 123*d**2 + 41*d**2 + 50*d**2 - 17*d + 5. Is t(8) composite?
True
Let s = -724 + 724. Suppose s = 30*b - 295005 + 66615. Is b a prime number?
False
Let k(c) = c**2 + 15*c + 30. Let q be k(-13). Suppose -w + 3 + 2 = -n, 0 = -q*n + 5*w - 25. Suppose -3*l + 12 = n, 5*l - 805 = -6*x + x. Is x composite?
False
Is ((-4108)/(-474))/((-4)/(-17778)) prime?
False
Let c(g) = 1 - 2 + 19*g - 35*g + 15*g. Let z be c(-5). Suppose 2*k - 395 = -z*b + 771, 3*k = -4*b + 1753. Is k prime?
True
Let q(w) = 8*w**3 - 5*w**2 + 2*w - 2. Let x be q(7). Suppose -2*r + x = r. Suppose -3*c = -4*d + r, 2*d - 433 - 18 = -5*c. Is d prime?
False
Let i = 2613 + -1545. Let f = i + -589. Is f composite?
False
Suppose -g + 4*m = -30, -2*g + 52 = -0*g - 4*m. Let o(v) = 27*v + 107. Is o(g) composite?
False
Let y be (5 + -3 - 0) + (-48)/(-12). Is (3 + -7 + y)/(2/1243) composite?
True
Suppose -170*c = -164*c - 12. Suppose 0*j + z - 1904 = -c*j, -5*j = -3*z - 4771. Is j prime?
True
Suppose -r + 103*z + 10457 = 98*z, -4*r - 3*z + 41966 = 0. Is r prime?
True
Let n(a) = a**2 - a - 20. Let i be n(5). Suppose 5 = -5*b - 4*g, -4*b + 4*g = -i*b - 32. Suppose 4727 = b*z - 4. Is z a composite number?
True
Let z = -28 + 19. Let g = -5 - z. Is (110 - 1)*5/(g - 3) prime?
False
Suppose 36*t + 174768 = 20*t. Is -1 - t/3 - -3 a composite number?
False
Let c = 83963 - 34600. Is c composite?
False
Suppose -2324838 - 3318020 + 645177 = -13*s. Is s a prime number?
True
Let f(i) = 15 + 3*i + 50*i**2 + 0*i + 3*i - 9. Let k be f(-7). Is k + -2*(-15)/(-10) a prime number?
True
Let f(z) = -10*z**3 + 11*z**2 - 23*z - 6. Let m be f(10). Let h = 2533 - m. Is h a prime number?
False
Let u = -11601 + 14528. Is u a composite number?
False
Let o(y) = 42*y**3 + 45*y**2 - 56*y - 36. Is o(19) composite?
True
Let b = -99109 - -149346. Is b a prime number?
False
Let g = -87 + 190. Suppose g + 99 = o. Is o composite?
True
Suppose 4*q - 16 = 0, -4*a - 6*q + 364 = -7*q. Is a*(6 + 3829/28) composite?
True
Let a = 330899 - 187860. Is a composite?
True
Let m = -73979 + 148990. Is m a composite number?
False
Suppose -5*c + 11 = -4*c. Let o(u) = -c*u - 14*u + 20*u - 18 + 6*u**2. Is o(-13) a composite number?
False
Suppose 4180301 = 67*m - 16576098. Is m composite?
False
Let d(w) = w**3 + 18*w**2 - 22*w - 33. Let y be d(-19). Is y/(-48)*(17282/(-1) - 0) a composite number?
False
Let t = 34 - 32. Let w be 1*(t + -5) + 264. Suppose 0 = 4*n + w - 1425. Is n prime?
False
Let m = 930 - -2557. Is m prime?
False
Let k = -41620 - -25010. Let t = k + 31681. Is t prime?
False
Suppose 4*b + 4*o + 8901 = -o, -4*o = -5*b - 11075. Let l = 4703 + -1491. Let m = b + l. Is m composite?
True
Let m(s) = 3109*s - 46. Let b be m(-2). Is (b + 2)/(-2) - (-22 + 26) a prime number?
False
Suppose 5*m + 7*m = -43*m + 3341635. Is m a prime number?
True
Let j be ((-4)/(-5))/(216/(-200) + 1). Let i(h) = -13*h**3 - 13*h**2 - 17*h - 7. Is i(j) prime?
True
Let v(t) = 25*t - 3. Let a be v(9). Let h be (24560/105 - -1) + (428/84 - 5). Suppose -h = -n + a. Is n prime?
True
Let m be (-2)/3 - (1 - (-4196)/(-12)). Is m/(-48)*(-68 - 0/(-2)) composite?
True
Let f = -12691 + 19622. Suppose b - f = 816. Is b a prime number?
False
Suppose 2*t = i + 1295712, -2*i - 549141 - 98712 = -t. Is t composite?
True
Let i be -8*(-1)/((-12)/(-3147)). Let o = i + 2229. Is o a composite number?
False
Is 9849547304/23056 + (-1)/22 prime?
False
Let y(z) = 1959*z**3 + 18*z**2 - 9*z - 179. Is y(7) a composite number?
False
Let i = 145 + -140. Suppose -7669 = 2*u - 4*u + 5*t, 0 = -i*u + 2*t + 19225. Is u a prime number?
True
Let u(r) = -2 + 26*r + 5 + 5*r + 283*r. Let q be u(2). Is (-14 + 16)*q/2 composite?
False
Suppose 73*s - 1370991 = -34*s. Is s a prime number?
False
Let d(v) = 0*v**2 - v**2 + 7*v - 7 + v. Let h be d(6). Let t(l) = 4*l**3 - 5*l**2 + 2*l - 6. Is t(h) a composite number?
False
Suppose -3*v + 2*v + 11441 = 3*f, -2*v = -4*f - 22902. Suppose 5*n - v = -4*t, -9170 = -4*n + 4*t - t. Is n a composite number?
True
Let p = 24 - -19. Let q = p - 38. Suppose 5*k - h = -3*h + 8475, 0 = q*k - 3*h - 8450. Is k composite?
False
Let b = 3 - 0. Let u(p) be the second derivative of 14*p**3/3 + 7*p**2/2 - 4*p. Is u(b) composite?
True
Let i = -126 + 202. Let n = i + -74. Suppose -5*m + 606 = 4*p, -3*p + 3*m = -n*m - 437. Is p prime?
True
Let r(k) = -k**3 + 6*k**2 - 2*k + 3. Let v be (-3)/(-3)*-10*(-2)/5. Let u be r(v). Is ((-3)/(u/(-138)))/((-4)/(-6)) prime?
True
Suppose 4*g - 17 = -73. Let x be (6/7)/((-2)/g). Suppose 0 = 12*y - x*y - 510. Is y a prime number?
False
Let c be (3 - (-88)/(-16))*-26. Let d = 766 - c. Is d composite?
False
Suppose -2*q + 0*q = -8, -5*t + 31704309 = -4*q. Is t a composite number?
True
Suppose 3*g - 7 = 2*c, -3 = 3*g + 2*c + c. Let n(l) = -97*l**2 + l + 1. Let z be n(g). Let s = 144 - z. Is s a prime number?
True
Let l(i) be the first derivative of 2*i**3 + 31*i**2/2 + 2*i + 5. Suppose -z - 4 = -25. Is l(z) a composite number?
False
Suppose 4*t + 520*z - 85360 = 516*z, 2*t - 4*z = 42686. Is t a prime number?
True
Let r = 25853 + -15274. Is r prime?
False
Suppose 2*r + p = 191404, 8 - 2 = 3*p. Is r composite?
False
Let r(j) = -1005*j - 110. Let c be (-5)/(-1) + 7 + -3 + -14. Is r(c) a composite number?
True
Suppose 2086786 - 9684265 = -32*f - 107719. Is f prime?
False
Suppose 102*s + 213*s = 49*s + 37465834. Is s a prime number?
False
Suppose -81 - 54 = 45*x. Is (x + -4)/(5/(-2005)) a composite number?
True
Let d(w) = w**2 - 9*w - 7. Let b be d(8). Let r(n) = 2682*n - 378. Let z be r(-24). Is 3/b - z/55 composite?
True
Let r be (62/5)/((-784)/(-780) + -1). Suppose 0 = -5*t - 3*h + 20576, 2*t = 2*h - r + 10658. Is t prime?
False
Suppose -2*b + 4 + 12 = -u, 2*b = 2. Let r(n) = -n**3 + 6*n + 2 + 2*n**3 + 28*n**2 - 5. Is r(u) composite?
False
Suppose -26673737 = -45*l + 39195688. Is l a prime number?
False
Suppose y + 89995 = 5*y + f, 2*y - 4*f = 45020. Suppose -y = -5*c - 4265. Is c composite?
True
Let a = 159430 + 12675. Is a composite?
True
Let a(r) = -68*r**3 - 4*r**2 - 11*r - 6. Let z(j) = -67*j**3 - 3*j**2 - 10*j - 5. Let y(p) = -3*a(p) + 4*z(p). Is y(-3) composite?
False
Let b = -373689 - -556268. Is b a composite number?
False
Let s = 311 + -292. Let l(p) = -9*p**2 - 11*p - 61. Let b(z) = -17*z**2 - 21*z - 122. Let w(u) = 4*b(u) - 9*l(u). Is w(s) composite?
False
Let z(r) = 1146*r + 6771. Is z(81) prime?
False
Let u(w) = 3*w**2 - 12*w - 23. Let s be u(-7). Suppose 4*p = 4*t - 16924, -p + 4*t - s - 4026 = 0. Let r = p - -6863. Is r composite?
False
Suppose 22 = -4*u + 6. Let y be 1480/380 - u/38. Suppose 4*k - 6998 = 2*h, -y*h = -5*k + 5698 + 3045. Is k a prime number?
False
Is (-41310)/9*(-291)/12 + (-2)/4 a composite number?
True
Let g = -6099 + 9208. Is g prime?
True
Suppose -q = 3*h - 1220608, -2*h - 3*q = -281460 - 532295. Is h prime?
False
Let b = 111 - 126. Is ((-564200)/b)/8 - (-4)/(-6) a prime number?
False
Suppose 3*x = -2*l - 8, -4*x + 8*x + 20 = -5*l. Suppose -u - 4*k + 84027 = x, u - 84057 = -13*k + 15*k. Is u a composite number?
False
Let k be -2*(-28)/32 + 1/4. Let o be (3/2)/(1/(-4)). Is k/o - (-1)/((-9)/(-3630)) composite?
True
Suppose -5*g = 2*l - 46016, 3*g - l - 27618 = -5*l. Suppose 13601 + g =